{"id":9940,"date":"2012-12-19T18:30:36","date_gmt":"2012-12-19T18:30:36","guid":{"rendered":"https:\/\/es.wordpress.org\/support\/topic\/imagen-de-cabecera-imposible-cambiarla-sin-recortarla\/"},"modified":"2016-08-06T00:16:31","modified_gmt":"2016-08-06T00:16:31","slug":"imagen-de-cabecera-imposible-cambiarla-sin-recortarla","status":"closed","type":"topic","link":"https:\/\/es.wordpress.org\/support\/topic\/imagen-de-cabecera-imposible-cambiarla-sin-recortarla\/","title":{"rendered":"Imagen de Cabecera &#8211; Imposible cambiarla sin recortarla"},"content":{"rendered":"<p>Saludos!!<\/p>\n<p>Me dispon\u00eda a cambiar mi imagen de cabecera cuando al subirla me ha cambiado a la ya t\u00edpica p\u00e1gina donde te deja recortarla. <\/p>\n<p>Solo que antes, ten\u00eda un bot\u00f3n que dec\u00eda \u00abDejar de recortar y publicarla tal cual\u00bb o algo as\u00ed, pero ahora no lo dispongo.<\/p>\n<p>El caso es que la selecci\u00f3n en la imagen no me deja seleccionar toda la imagen, por lo que solo puedo cambiarla por una imagen a la que le falta un trozo.<\/p>\n<p>\u00bfEs un Bug de esta \u00faltima versi\u00f3n?<\/p>\n<p>Dispongo de WordPress 3.5 y el Theme Graphene que nunca me ha dado ning\u00fan problema.<\/p>\n<p>Un Saludo.<\/p>\n<p>http:\/\/sayaka.pusku.com<\/p>\n","protected":false},"template":"","class_list":["post-9940","topic","type-topic","status-closed","hentry","topic-tag-3-5","topic-tag-cabecera","topic-tag-imagen"],"jetpack_sharing_enabled":true,"_links":{"self":[{"href":"https:\/\/es.wordpress.org\/support\/wp-json\/wp\/v2\/topic\/9940","targetHints":{"allow":["GET"]}}],"collection":[{"href":"https:\/\/es.wordpress.org\/support\/wp-json\/wp\/v2\/topic"}],"about":[{"href":"https:\/\/es.wordpress.org\/support\/wp-json\/wp\/v2\/types\/topic"}],"version-history":[{"count":0,"href":"https:\/\/es.wordpress.org\/support\/wp-json\/wp\/v2\/topic\/9940\/revisions"}],"wp:attachment":[{"href":"https:\/\/es.wordpress.org\/support\/wp-json\/wp\/v2\/media?parent=9940"}],"curies":[{"name":"wp","href":"https:\/\/api.w.org\/{rel}","templated":true}]}}

<p>Saludos!!</p>
<p>Me disponía a cambiar mi imagen de cabecera cuando al subirla me ha cambiado a la ya típica página donde te deja recortarla. </p>
<p>Solo que antes, tenía un botón que decía «Dejar de recortar y publicarla tal cual» o algo así, pero ahora no lo dispongo.</p>
<p>El caso es que la selección en la imagen no me deja seleccionar toda la imagen, por lo que solo puedo cambiarla por una imagen a la que le falta un trozo.</p>
<p>¿Es un Bug de esta última versión?</p>
<p>Dispongo de WordPress 3.5 y el Theme Graphene que nunca me ha dado ningún problema.</p>
<p>Un Saludo.</p>
<p>http://sayaka.pusku.com</p>
